. Let h be m(-5). Let g = h - -14. Let w be (g/(-4))/(6/12). What is the greatest common factor of 7 and w?
7
Suppose -4*s = -2*s - 6, j - 7 = -2*s. What is the greatest common divisor of j and 2?
1
Let x(r) = 34*r**2 + r. Let o be x(1). Let n = 134 + -57. Suppose -11*u + 0 = -n. What is the highest common factor of u and o?
7
Let s be ((-164)/123)/((9/3)/(-99)). Calculate the highest common factor of 297 and s.
11
Let r = 52 + -22. Let c = -19 - -64. Calculate the highest common factor of r and c.
15
Suppose -3*l - 4*l = -2184. Calculate the greatest common divisor of l and 24.
24
Suppose -7*q - f + 643 = -2*q, -524 = -4*q - 4*f. Calculate the greatest common factor of 24 and q.
8
Let h be 4284/162 + 4/(-9). Calculate the greatest common factor of h and 143.
13
Suppose -5*g - 40 = -4*d, 5*d + 7*g - 2*g - 95 = 0. Let y = -40 - -42. Suppose y*s = 3*h - 12, -h = -3*s + s. What is the highest common factor of d and h?
3
Suppose -18*s = 57 - 147. Suppose j + j - 80 = 0. What is the highest common factor of j and s?
5
Suppose 0 = -q - 3*x + 14, -q - 4*x = -2*q. Let z = -14 + q. Let i be (-8)/z*(0 + 9). Calculate the greatest common factor of i and 12.
12
Let p = 54 - 44. Suppose -u - 2*y = -8, -4*y - 15 = 3*u - 41. What is the highest common divisor of p and u?
10
Let m be (-31 + 70)*3/9. Calculate the greatest common factor of 247 and m.
13
Let n(s) = 123*s**2 + 9*s + 15. Let w be n(-3). What is the highest common factor of 15 and w?
15
Suppose 0 = -3*c + 2*l + l + 141, -c + 4*l + 56 = 0. Calculate the highest common divisor of c and 110.
22
Let u = 3 - 179. Let z be u/(-24) + (-4)/(-6). What is the highest common factor of 8 and z?
8
Let i = -279 - -314. Calculate the greatest common factor of 168 and i.
7
Suppose 2652 = -26*n + 78*n. Calculate the greatest common factor of 17 and n.
17
Let z(w) be the third derivative of -w**4/3 - 2*w**3/3 - 23*w**2. Let p = 7 - 10. Let f be z(p). Calculate the greatest common factor of 8 and f.
4
Let x(h) = -70*h - 40. Let g be x(-5). Let q = g - 205. What is the greatest common divisor of q and 15?
15
Let q(t) = 2*t + 1. Let d(n) = 36*n + 32. Let m(r) = d(r) - 20*q(r). Let o be m(-5). Calculate the greatest common factor of 32 and o.
32
Suppose 863 = 19*x + 407. Calculate the greatest common divisor of 444 and x.
12
Let y be (4 - 0)*(-3 - 225/(-36)). Calculate the highest common divisor of 104 and y.
13
Let v = -135 + 137. Let h be (15/6)/((v + -7)/(-40)). Calculate the greatest common divisor of 20 and h.
20
Suppose 76 = c - 4*s, 4*c + 157 = -5*s + 503. Calculate the greatest common divisor of 714 and c.
42
Let v(g) = 32*g - 300. Let m be v(10). What is the highest common divisor of 8 and m?
4
Let r(g) be the first derivative of 2*g**3 + 2*g**2 - 4*g - 25. Let t be r(-5). Calculate the highest common divisor of 14 and t.
14
Suppose -d + a = -156, -4*d - d + 778 = -4*a. What is the greatest common factor of 28 and d?
14
Let o(n) = 6*n - 72. Let l be o(24). Suppose 0*q - 225 = -5*q. Suppose 2*b - q = -3*b. Calculate the greatest common divisor of b and l.
9
Let w = 19 + -7. Let c(b) = b**2 - 10*b - 14. Let y be c(w). Calculate the highest common divisor of 20 and y.
10
Suppose 5*x = 1 + 4. Suppose 8*g = 3*g - 10. Let z be 72/45*(-5)/g. Calculate the highest common divisor of z and x.
1
Let y(k) = -2*k**2 - 4. Let p be y(-10). Let h = -303 - p. Let z be 0 + 1 + -2 - h. What is the greatest common factor of 14 and z?
14
Suppose -5*x + 2*d - 14 = -75, 0 = -5*x + 5*d + 70. Let g = 532 - 433. Calculate the greatest common divisor of g and x.
11
Suppose 634 = 4*z - k, -k + 6*k = 3*z - 484. Let s = z - 128. What is the greatest common divisor of 18 and s?
6
Let f(a) = -3*a**3 - 2*a**2 + 1. Let m be f(-1). Suppose 46*h - 10 = 41*h. Calculate the greatest common factor of m and h.
2
Suppose 129*j = 128*j + 65. Calculate the greatest common divisor of 39 and j.
13
Let u(l) = 3*l**3 - l**2 - 4. Let h be u(3). Let q be 26/(-39) + (-106)/(-6). Calculate the highest common factor of h and q.
17
Let q be 2 - 51/(-1) - -1. Suppose 3*u = -0*u + 261. Suppose -32 = -2*j + 4*x, -4*j - j + u = -3*x. What is the highest common divisor of j and q?
18
Suppose 0 = v - 51 - 39. Let f be 119/4 - (-8)/32. Calculate the greatest common factor of v and f.
30
Let m = -63 + 143. Suppose -6*k = -k - m. Calculate the greatest common divisor of 176 and k.
16
Let m = 20 + -24. Let p be (m - -3)*2 - 10. Let x be (p/9)/(6/(-27)). Calculate the highest common factor of 6 and x.
6
Let r(c) = c**2 + 15*c + 14. Let s be r(-14). Let p be s - -4 - 167/(-1). What is the highest common factor of p and 19?
19
Suppose 162 = 4*m - 4*b + 50, 0 = -3*b + 15. Let p be 4 + (-2)/1 - 31. Let q = p + m. What is the highest common factor of 6 and q?
2
Let o be (-24)/(8/2) + 5. Let c(d) = -27*d - 3. Let y be c(o). Calculate the greatest common divisor of 120 and y.
24
Let q(r) = r - 2. Let l be q(6). Let m be 198/45 - l/10. Suppose 35 = m*d + d. Calculate the highest common divisor of d and 49.
7
Let u be (-340)/4*(-1 - (-20)/16)*-4. Let f = -197 - 45. Let n be f/(-14) - (-4)/(-14). Calculate the highest common divisor of n and u.
17
Let z = -980 + 1929. What is the highest common factor of 13 and z?
13
Suppose -73 = -5*x + 97. Calculate the highest common factor of 782 and x.
34
Suppose 9*c = -4*c + 468. Let l(g) = -7*g**3 - 7*g**2 - 7*g - 4. Let b be l(-4). What is the highest common factor of c and b?
36
Suppose -6 - 5 = -q. Let p(s) = -s**2 - 23*s - 31. Let j = 26 + -39. Let h be p(j). Calculate the greatest common factor of h and q.
11
Let g(b) = 122*b - 1340. Let l be g(11). Suppose -3*k + k + 16 = 0. What is the greatest common divisor of l and k?
2
Let y = 23 - 13. Let c = y - 4. Let u be (64/c)/(20/150). What is the greatest common divisor of 10 and u?
10
Suppose 0 = 4*s - s - 45. Let v = -13 - -47. Suppose -t + 9 = 3*i, v = 2*t - 0*t - 2*i. Calculate the highest common factor of t and s.
15
Let x(c) = c**3 - 8*c**2 - 10*c + 11. Let l be x(9). Let g be l - (-13)/((-26)/(-60)). Calculate the greatest common factor of 256 and g.
32
Let q be (-2 - 1) + -24 + 25 + 95. What is the highest common divisor of q and 465?
93
Suppose -7*c = -2*c. Suppose c = -12*k + 2*k + 320. Let r be 4 - (-2 + 2)/(-1). Calculate the greatest common factor of k and r.
4
Let c(d) = 11*d**2 + 2*d + 3. Let r be c(-5). Suppose -4*i + r - 44 = 0. Calculate the greatest common divisor of 7 and i.
7
Suppose 6 + 9 = -3*n. Let s(h) be the first derivative of -13*h**2/2 - 10*h + 11. Let d be s(n). Calculate the highest common factor of 22 and d.
11
Let d(u) = 3*u**2 + 28*u - 19. Let j be d(-20). Calculate the highest common factor of 27 and j.
27
Let i be 30/(-80) + 765/120. Let y(q) = -q + 9. Let l be y(0). Calculate the highest common factor of i and l.
3
Suppose 242 = -4*n + 6*n. Suppose 2*h + 2*h = 44. Calculate the highest common divisor of n and h.
11
Let o = 459 - 305. Suppose 5*w = -2*w + o. What is the highest common factor of w and 22?
22
Let w be 2/(45/(-270) - 13/(-42)). What is the greatest common factor of 434 and w?
14
Suppose 2*h - 4 = -4*d, -2*d - 3 = -5*h + 31. What is the highest common divisor of 4 and h?
2
Suppose 4*r + 7 = -1. Let d(f) = -2*f**3 + 4*f**2 + 4*f + 3. Let s be d(r). Let h = 44 + -26. What is the highest common factor of s and h?
9
Suppose 4*d = 14 + 30. Let b(w) = -14*w**2 + w - 2. Let x be b(3). Let p be (-40)/10 + x/(-1). What is the greatest common divisor of p and d?
11
Let g = 220 - -116. Calculate the greatest common divisor of g and 196.
28
Let a(c) = -4*c**2 + 8*c + 252. Let m be a(0). Calculate the greatest common factor of 1848 and m.
84
Let w be (-2 - (-3 + -1 + 5))*-13. Calculate the highest common divisor of w and 273.
39
Let y(q) = 2*q - 52 - 4*q + 20. Let o be y(-20). What is the highest common divisor of o and 48?
8
Let a = 219 - 74. What is the highest common divisor of 58 and a?
29
Suppose -2*g = -5*j + 41, -5*j - 2*g = -3*g - 38. Suppose 19 = 2*f - j. What is the greatest common divisor of 52 and f?
13
Let i(a) = -a**3 - 14*a**2 - 19*a + 69. Let j be i(-12). Suppose 3*f - 399 = 5*t - 112, 0 = -4*f + 5*t + 386. Calculate the greatest common divisor of j and f.
9
Let o be (-6)/4*23520/(-144). What is the greatest common factor of o and 70?